6) + (-7 + -2 - -3)?
-10
Evaluate 9 - (8 - (9 - 8)).
2
Calculate 1 + 0 + (-4 - 1) - (750 + -743).
-11
Evaluate -8 + (10 - (1 + -2)) + (-1 - -4).
6
What is 8 + -8 + (-1 - (-4 + -1))?
4
-6 + (10 + -5 - (-14 - -12)) - -15
16
What is the value of 18 + (7 - 3) + 62 + -57?
27
What is the value of ((3 - -11) + -17 - -8) + 4 + 2?
11
Calculate (-9 - 0) + (14 - (-2 + -1)) + -15.
-7
Evaluate 7 + 7 + -8 + (16 - 9).
13
What is the value of 15 - ((17 - 5) + -4)?
7
Calculate 23 - (16 + 17 + -27).
17
70 + 53 + -97 - (0 + 1 + -3)
28
What is (25 - (-27 - -18)) + -17?
17
What is -14 + (9 - (17 - 26))?
4
Calculate -39 - (6 - 41 - -13).
-17
Evaluate -18 + (1 - -6 - (24 + -11) - -2).
-22
What is the value of -36 + 69 + -56 + -7 + 2?
-28
What is the value of 20 + (-10 - 2) - 15 - -14?
7
What is the value of 17 - (-12 - -15) - 19?
-5
What is the value of -3 + -1 - (18 + 32 + -49)?
-5
Evaluate -4 - ((7 - (-1 + 3)) + (8 - 12)).
-5
Calculate 37 - (-4 + 2 + (126 - 115)).
28
-6 - (5 + -1 + -3) - -4 - -4
1
What is the value of -1 + 0 + -3 - (-7 + 6 - 3)?
0
-7 + (-2 - (3 - 17)) + 1
6
57 - 75 - (12 - -5)
-35
What is the value of (11 - (-3 + 3)) + -5 - (26 - 18)?
-2
What is the value of (13 - (-5 - -4)) + -19?
-5
Evaluate -4 + -21 + 18 + 13.
6
What is the value of -12 + 30 + (-15 - -15)?
18
Evaluate (-56 + 53 - (0 + -6)) + -10.
-7
-3 - (-15 - (6 + -12) - -7) - -26
25
Evaluate -2 + (85 - 81) + (1 - 7) - 2.
-6
What is the value of -12 + 29 + 17 + -26?
8
What is 134 - 145 - (-6 - (1 + 1) - -2)?
-5
What is the value of 15 + (-2 + 7 + -4 - 2) + 4?
18
What is the value of 3 + -9 - 3 - (-2 + -7 - -4)?
-4
What is 5 - (-6 - (-10 - 3) - -12)?
-14
Evaluate 17 - 12 - (0 - -17 - (-7 + 11)).
-8
What is 10 - (-5 + (1 - (1 + -6)))?
9
Calculate -17 - (-18 + 7 - (-12 - -16)).
-2
-16 + (-15 - -7) + (-11 - -17)
-18
36 + (7 - (-11 + 40 + -10))
24
(-2 - -13) + (5 - -10 - (10 - 15))
31
What is 24 + -33 - 17 - (1 - 11)?
-16
Calculate 31 + (-1 - 5) + (-56 - -50).
19
Evaluate 1 + 1 + 20 + (-8 - 1).
13
Calculate -14 - (-37 - -12) - 13 - -1.
-1
Calculate 24 - (31 - -24) - 5.
-36
What is 6 - (15 + -19 + (-8 - -1))?
17
(-2 - 6) + (50 - 30 - 35)
-23
-7 - (-5 + 12 + -8 + 9)
-15
Calculate 5 - (23 + -36) - (8 - (4 + -2)).
12
What is the value of (-3 - -3) + (9 + (-5 - 4) - 0)?
0
8 + 0 + (-22 - -3)
-11
Calculate 3 - -18 - 0 - ((-23 - -11) + 13).
20
What is the value of 8 - (3 - (-9 + 4 - 0))?
0
Calculate -11 + -1 - (470 + -463) - 16.
-35
7 + -9 - (11 - (27 + -6))
8
Evaluate (-5 - -3) + (103 - 99).
2
Calculate -23 - (11 + -39) - 18.
-13
Calculate (-10 - -28) + -8 + 5 + -17.
-2
What is the value of -10 - (5 + 15 + (-13 - -5) + -6)?
-16
What is the value of -12 + (-5 - (6 + -12 + 4) - -5)?
-10
Evaluate -2 + 11 + -2 + -7 + 10.
10
What is 4 - (-11 + 4 - -13) - (4 + -2)?
-4
Calculate (-1 - (1 - 1)) + (-8 - -9) + 5.
5
What is the value of -8 + -4 + 31 + (-4 - -1 - -1)?
17
-1 - (34 + -18 + -6)
-11
What is the value of -9 - (1 + -5 + -9)?
4
11 + (-10 - 1) + 13 + -8
5
Calculate 4 - (6 + -4) - (-29 - -40) - -1.
-8
What is the value of -9 - (-27 + 2 - (215 - 209))?
22
1 - -11 - (4 + 0) - (-1 - -8)
1
What is 2 + (7 - (6 - 12)) - -12?
27
21 - 15 - (6 + -5)
5
Evaluate -27 + 22 + (2 - (2 - (1 + 2))).
-2
What is -78 + 74 + -3 + (-6 - 0)?
-13
What is -5 - (2 + 5 - (-5 - -7 - -17))?
7
14 + -45 + 23 + 13
5
(57 - 30) + -9 + 0 + -6
12
(5 - (-4 - (-6 + 4))) + -1
6
What is -2 + (10 - -6 - -13 - 13)?
14
-16 - (-18 - -8 - -4)
-10
What is 6 - (-15 - (-6 + 19 - 11))?
23
Calculate 1 - (0 + 8 + (-116 - -118)).
-9
Evaluate 9 + (-5 - (1 + (4 - -2))).
-3
Calculate 5 + -16 + 1 + 10 + -53 + 34.
-19
What is 2 - (5 + -13 - (-12 + 6))?
4
What is the value of 7 + (-44 - -21) - -14?
-2
Calculate (0 - -4 - (-27 - -31)) + 10.
10
What is 11 + 12 + 2 + -18 - (-1 + 3)?
5
-4 - -3 - (-5 - -27)
-23
Calculate -6 + (-14 - 0) + 29.
9
What is the value of -1 + 32 - (6 + -9 + 4 + 8)?
22
What is 16 + (17 - 4) - 20?
9
-1 + (-12 - -22 - 3 - 5) + -25
-24
Calculate (39 - (22 - (0 + 3))) + -21.
-1
Calculate (1 - -8) + -15 + -1.
-7
Evaluate -9 - (2 + -7 - (-9 - (13 + -21))).
-5
What is the value of 1 + -6 + -2 + (8 - 26) + 13?
-12
122 + -127 + 1 + (-2 - 3)
-9
0 + -4 + -4 + 0 + 7 + 6
5
Evaluate -4 + -1 + -4 - (-11 - 10).
12
Calculate (0 + -2 - 4) + (304 - 303).
-5
What is the value of -1 + -1 + 20 + -16?
2
Calculate 0 + -11 + (-8 - -31) + 8 + -1.
19
Evaluate 1 - ((-4 - -2 - -6) + -2) - 1.
-2
Calculate -3 + -1 + -34 + 57 + -48 - -8.
-21
Evaluate 15 + 25 + -21 - 3.
16
3 + -5 + 1 - (3 + 4) - -10
2
Calculate -7 + -1 - (8 + 1 - 3).
-14
Calculate (-5 - (-4 - -10)) + 7 - (-12 + 0).
8
What is the value of (20 - 46 - -45) + 7?
26
(-24 - 2) + 43 - (2 + (0 - -1))
14
What is the value of -9 + (31 - (-1 + -3)) + -9?
17
What is (17 - 4) + -21 + -2 + -5?
-15
What is 8 + (-10 - (-6 - 7))?
11
Evaluate -9 + 5 + (0 + -2 - 11).
-17
What is the value of 11 + (10 - 3) - 11?
7
What is the value of (-3 + -14 - -25) + (2 - 23)?
-13
Evaluate (-4 - (-25 - (-12 + 3))) + 10 - -12.
34
What is the value of 40 + -25 + 5 + -5 + -5?
10
What is the value of 41 + -59 - (-39 + 9)?
12
What is the value of 40 + -34 - (5 - -1)?
0
Evaluate -12 + 5 + (22 - (-6 + 11)) + 5.
15
Evaluate 7 - (-9 + 20 + -18).
14
What is 20 + -20 - (10 - 2) - -26?
18
What is -16 + (1 - -21) - 22?
-16
55 + -42 + -22 + (25 - -2)
18
Evaluate (24 - ((12 - -1) + -6)) + -13.
4
What is the value of 28 + 12 + -43 + -2?
-5
What is the value of -12 + 2 - (-35 - -33)?
-8
3292 + -3294 + (-1 + 2 - -9)
8
What is (5 - -22) + -28 + (19 - -4)?
22
What is the value of 13 + -1 + 44 + (-120 - -52)?
-12
What is -9 + 39 + (-50 - -35)?
15
What is the value of 5 + -2 + (19 - (16 - -4))?
2
(11 + -17 - 3 - -5) + 12
8
-13 + (-10 - (-15 - 14))
6
-13 + (-10 + 18 - -7)
2
What is -47 + 74 + (-22 - -15) + (0 - 1)?
19
What is (2 - -4) + (-7 - 0 - -14)?
13
What is (0 - (7 - 7)) + 6 + -6 + -23?
-23
Evaluate (90 - 111) + (-7 - -6 - -17).
-5
What is the value of 3 + (29 + -13 - -8)?
27
Calculate (-4 + 11 - -8) + -7 - 24.
-16
What is -1 + -4 - ((0 - 10) + 9 + -7)?
3
Calculate 3 - (6 + (22 + -16 - (0 + 5))).
-4
What is -1 - -8 - (46 + -20 - 14)?
-5
Calculate -18 + -5 + 68 - 6.
39
Evaluate -5 + -70 + 96 + 1 + -4.
18
Calculate 2 - (-3 + (-4 - -30)) - (-5 - -1).
-17
11 + (-1 - 6) + 7 + -9
2
Calculate (4 - -2) + 9 + -7 - 8.
0
What is the value of 22 + (15 - (16 + 0))?
21
7 - (7 - 25) - (-9 + 20)
14
What is the value of -2 + -2 + 1 - (562 - 564)?
-1
Calculate 25 - (5 + 45 + -42 + (-2 - 5)).
24
What is the value of 25 + -37 - (-34 - -7)?
15
29 + (-5 - -6) - 5
25
Evaluate 11 - ((-13 - (-11 + -12)) + -10).
11
What is the value of -15 + 15 + -32 + 19?
-13
-14 + 24 + -8 + 15
17
Calculate -39 + -5 + 13 + -4 + 11.
-24
4 - (11 - 4) - 13
-16
-4 + (2 + -7 - -8) + 156 + -132
23
Evaluate 6 + -1 + (-5 - -1 - (-12 + 6)).
7
Calculate 7 + -16 + 18 + (-25 - -7).
-9
What is (11 - 10) + (-61 - -40)?
-20
Calculate -39 - -59 - (-2 + 11).
11
Calculate 7 + 1 + (1 - (-4 - -8 - 0)).
5
Calculate 9 - (1 - (17 + (-14 - 18))).
-7
What is the value of (-1 - -5) + -1 + 12 + -3?
12
9 - ((17 - -2) + (9 - 10)) - -14
5
What is the value of 18 - 14 - -4 - 18?
-10
(-21 - -33) + -38 + 23
-3
-21 + (54 - 29) - (-2 + -2)
8
Evaluate 394 - 392 - (2 + 1 + -31).
30
What is the value of -23 + 37 - (2 + -4 + -2)?
18
What is the value of (-8 - -26 - 7) + (-2 - (-5 - -10))?
4
What is -20 - (2 - (-18 + 15))?
-25
What is the value of 15 - (-3 + 7 + -17 + 26)?
2
Evaluate (-13 - -24) + -1 + 1 + 4 + -2.
13
What is the value of -7 - (-1 - ((-11 - -8) + (26 - 1)))?
16
3 - (-9 - (-25 + 7 - -9))
3
What is the value of 2 - (-10 + 5 + -1 + 15)?
-7
8 - (16 - 3 - -9)
-14
26 + (-4 + 7 + -9 + 1 - 0)
21
What is the value of 2 + (-46 - -33) + 14?
3
Calculate 14 - 14 - ((6 - 7 - 2) + 4).
-1
What is the value of -2 - (-1 - 1 - (66 + -63))?
3
Calculate 5 + 1 + 1 - (732 + -713).
-12
Calculate -11 + (-6 - (-19 + -2 - (-16 + 9))).
-3
What is the value of -17 + 10 + 31 + -22?
2
What is 155 + -134 + (-3 - 1)?
17
What is the value of 26 + (0 + 5 - 15) + -10?
6
What is 9 - (-2 - -9) - -3?
5
(1 + -2 - 1 - -1) + (-2325 - -2320)
-6
What is the value of -17 + (-8 - (4 - 8)) + 13 - 11?
-19
What is the value of 0 - 11 - (3 + 0 + 4)?
-18
What is 4 + (7 - (5 + 8 + 3))?
-5
Calculate -7 - (-1 + 2 + -7 + 6 - 6).
-1
Calculate (-1 - (14 + -1 + -29)) + -4.
11
